{"id":4963,"date":"2025-10-24T17:55:47","date_gmt":"2025-10-24T15:55:47","guid":{"rendered":"https:\/\/www.refresh.valeriebarkowski.com\/?post_type=product&#038;p=4963"},"modified":"2026-09-03T16:46:58","modified_gmt":"2026-09-03T14:46:58","slug":"trass-tapis-de-bain","status":"publish","type":"product","link":"https:\/\/www.valeriebarkowski.com\/fr\/e-shop\/linge-de-bain\/trass-tapis-de-bain\/","title":{"rendered":"TRASS Tapis de bain"},"content":{"rendered":"<h2>Tapis de Bain Trass<\/h2>\n<p>L&rsquo;\u00e9paisseur brute du <strong>tapis de bain Trass<\/strong> impose une technique rigoureuse. La densit\u00e9 du <strong>coton tiss\u00e9<\/strong> lourd exige une force et une r\u00e9gularit\u00e9 particuli\u00e8res de la main de l&rsquo;artisane pour traverser la mati\u00e8re tout en maintenant une ligne droite parfaite.<\/p>\n<p>Le fil de couleur de cette <strong>finition faite main<\/strong> vient ceinturer les bordures de la pi\u00e8ce avec une grande sobri\u00e9t\u00e9. Le <strong>point avant<\/strong> marque l&rsquo;espace au sol d&rsquo;un rythme lin\u00e9aire et graphique tr\u00e8s net.<\/p>\n<p>Parachevez votre ensemble de <strong>linge de bain<\/strong> TRASS en mariant ce tapis au drap de bain TRASS, au drap de douche TRASS, \u00e0 la serviette de bain TRASS ou \u00e0 la serviette invit\u00e9. D\u00e9couvrez l&rsquo;origine culturelle de cette broderie unique sur notre Journal.<\/p>\n<h2>Caract\u00e9ristiques &amp; options<\/h2>\n<ul>\n<li style=\"list-style-type: none;\">\n<ul>\n<li>Dimension exacte : 54 cm x 90 cm.<\/li>\n<li>Mati\u00e8re : 100% <strong>coton tiss\u00e9<\/strong> lourd de qualit\u00e9 sup\u00e9rieure. Absorption maximale pour le sol.<\/li>\n<li>Coloris unis : Beige, Brique, Carmin, Kaki, Prune, Water.<\/li>\n<li>Sur-mesure : Dimensions architecturales et projets d&rsquo;h\u00f4tels de prestige sur demande via <a href=\"mailto:sales@valeriebarkowski.com\">sales@valeriebarkowski.com<\/a>.<\/li>\n<\/ul>\n<\/li>\n<\/ul>\n","protected":false},"excerpt":{"rendered":"<h3>Trass Tapis de bain\u00a0haut de gamme<\/h3>\n<p>Le <strong>tapis de bain Trass<\/strong> structure et d\u00e9limite le sol de la pi\u00e8ce d&rsquo;eau. Con\u00e7u dans un <strong>coton tiss\u00e9<\/strong> lourd, \u00e9pais et sp\u00e9cifique, il est encadr\u00e9 d&rsquo;un trac\u00e9 graphique au <strong>point avant<\/strong>, r\u00e9alis\u00e9 gr\u00e2ce \u00e0 une <strong>finition faite main<\/strong> dans nos ateliers de Marrakech. Fid\u00e8le aux valeurs \u00e9coresponsables de <strong>Val\u00e9rie Barkowski<\/strong>, cette pi\u00e8ce de <strong>linge de bain<\/strong> est fabriqu\u00e9e uniquement \u00e0 la demande sous un d\u00e9lai de 2 \u00e0 4 semaines.<\/p>\n","protected":false},"featured_media":13879,"comment_status":"open","ping_status":"closed","template":"","meta":[],"product_brand":[139],"product_cat":[74,111],"product_tag":[91],"class_list":["post-4963","product","type-product","status-publish","has-post-thumbnail","product_brand-trass","product_cat-linge-de-bain","product_cat-tapis-de-bain","product_tag-broderie","pa_couleur-beige","pa_couleur-brique","pa_couleur-carmin","pa_couleur-kaki","pa_couleur-prune","pa_couleur-water","pa_format-90-cm-x-54-cm","first","instock","taxable","shipping-taxable","purchasable","product-type-variable","has-default-attributes"],"jetpack_sharing_enabled":true,"_links":{"self":[{"href":"https:\/\/www.valeriebarkowski.com\/fr\/wp-json\/wp\/v2\/product\/4963","targetHints":{"allow":["GET"]}}],"collection":[{"href":"https:\/\/www.valeriebarkowski.com\/fr\/wp-json\/wp\/v2\/product"}],"about":[{"href":"https:\/\/www.valeriebarkowski.com\/fr\/wp-json\/wp\/v2\/types\/product"}],"replies":[{"embeddable":true,"href":"https:\/\/www.valeriebarkowski.com\/fr\/wp-json\/wp\/v2\/comments?post=4963"}],"wp:featuredmedia":[{"embeddable":true,"href":"https:\/\/www.valeriebarkowski.com\/fr\/wp-json\/wp\/v2\/media\/13879"}],"wp:attachment":[{"href":"https:\/\/www.valeriebarkowski.com\/fr\/wp-json\/wp\/v2\/media?parent=4963"}],"wp:term":[{"taxonomy":"product_brand","embeddable":true,"href":"https:\/\/www.valeriebarkowski.com\/fr\/wp-json\/wp\/v2\/product_brand?post=4963"},{"taxonomy":"product_cat","embeddable":true,"href":"https:\/\/www.valeriebarkowski.com\/fr\/wp-json\/wp\/v2\/product_cat?post=4963"},{"taxonomy":"product_tag","embeddable":true,"href":"https:\/\/www.valeriebarkowski.com\/fr\/wp-json\/wp\/v2\/product_tag?post=4963"}],"curies":[{"name":"wp","href":"https:\/\/api.w.org\/{rel}","templated":true}]}}

<h2>Tapis de Bain Trass</h2>
<p>L&rsquo;épaisseur brute du <strong>tapis de bain Trass</strong> impose une technique rigoureuse. La densité du <strong>coton tissé</strong> lourd exige une force et une régularité particulières de la main de l&rsquo;artisane pour traverser la matière tout en maintenant une ligne droite parfaite.</p>
<p>Le fil de couleur de cette <strong>finition faite main</strong> vient ceinturer les bordures de la pièce avec une grande sobriété. Le <strong>point avant</strong> marque l&rsquo;espace au sol d&rsquo;un rythme linéaire et graphique très net.</p>
<p>Parachevez votre ensemble de <strong>linge de bain</strong> TRASS en mariant ce tapis au drap de bain TRASS, au drap de douche TRASS, à la serviette de bain TRASS ou à la serviette invité. Découvrez l&rsquo;origine culturelle de cette broderie unique sur notre Journal.</p>
<h2>Caractéristiques &amp; options</h2>
<ul>
<li style="list-style-type: none;">
<ul>
<li>Dimension exacte : 54 cm x 90 cm.</li>
<li>Matière : 100% <strong>coton tissé</strong> lourd de qualité supérieure. Absorption maximale pour le sol.</li>
<li>Coloris unis : Beige, Brique, Carmin, Kaki, Prune, Water.</li>
<li>Sur-mesure : Dimensions architecturales et projets d&rsquo;hôtels de prestige sur demande via <a href="mailto:sales@valeriebarkowski.com">sales@valeriebarkowski.com</a>.</li>
</ul>
</li>
</ul>

<h3>Trass Tapis de bain haut de gamme</h3>
<p>Le <strong>tapis de bain Trass</strong> structure et délimite le sol de la pièce d&rsquo;eau. Conçu dans un <strong>coton tissé</strong> lourd, épais et spécifique, il est encadré d&rsquo;un tracé graphique au <strong>point avant</strong>, réalisé grâce à une <strong>finition faite main</strong> dans nos ateliers de Marrakech. Fidèle aux valeurs écoresponsables de <strong>Valérie Barkowski</strong>, cette pièce de <strong>linge de bain</strong> est fabriquée uniquement à la demande sous un délai de 2 à 4 semaines.</p>
